{"id":2914,"date":"2022-05-16T06:22:54","date_gmt":"2022-05-16T06:22:54","guid":{"rendered":"https:\/\/swissplas.cz\/imprint\/"},"modified":"2025-08-13T08:45:43","modified_gmt":"2025-08-13T06:45:43","slug":"imprint","status":"publish","type":"page","link":"https:\/\/swissplas.cz\/en\/imprint\/","title":{"rendered":"Imprint"},"content":{"rendered":"<p>[et_pb_section fb_built=&#8221;1&#8243; _builder_version=&#8221;4.16&#8243; _module_preset=&#8221;fdba456b-3aab-4823-ac95-30ff89c7be22&#8243; global_colors_info=&#8221;{}&#8221;][et_pb_row _builder_version=&#8221;4.16&#8243; _module_preset=&#8221;bfccc00c-ac70-482f-9713-4846d3a5dda8&#8243; global_colors_info=&#8221;{}&#8221;][et_pb_column type=&#8221;4_4&#8243; _builder_version=&#8221;4.16&#8243; _module_preset=&#8221;default&#8221; global_colors_info=&#8221;{}&#8221;][et_pb_text _builder_version=&#8221;4.16&#8243; _module_preset=&#8221;9171a5ab-4b16-49db-a0f8-6428bbd4c5d3&#8243; hover_enabled=&#8221;0&#8243; global_colors_info=&#8221;{}&#8221; sticky_enabled=&#8221;0&#8243;]<\/p>\n<h2>Imprint<\/h2>\n<p>[\/et_pb_text][\/et_pb_column][\/et_pb_row][et_pb_row column_structure=&#8221;1_3,1_3,1_3&#8243; _builder_version=&#8221;4.16&#8243; _module_preset=&#8221;bfccc00c-ac70-482f-9713-4846d3a5dda8&#8243; global_colors_info=&#8221;{}&#8221;][et_pb_column type=&#8221;1_3&#8243; _builder_version=&#8221;4.16&#8243; _module_preset=&#8221;default&#8221; global_colors_info=&#8221;{}&#8221;][et_pb_text _builder_version=&#8221;4.22.2&#8243; _module_preset=&#8221;9171a5ab-4b16-49db-a0f8-6428bbd4c5d3&#8243; hover_enabled=&#8221;0&#8243; global_colors_info=&#8221;{}&#8221; sticky_enabled=&#8221;0&#8243;]<\/p>\n<p><strong>Copyright 2025<\/strong><\/p>\n<p><\/p>\n<p><strong>Swiss-Plas s.r.o<\/strong><br \/>Pivovarsk\u00e1 30<br \/>CZ &#8211; 75661  Ro\u017enov pod Radho\u0161t\u011bm<br \/>+420 608 780 028<br \/><span style=\"color: #123049;\"><a href=\"mailto:info@swiss-plas.cz\" style=\"color: #123049;\">info@swiss-plas.cz<\/a><\/span><br \/>www.swissplas.cz<\/p>\n<p>[\/et_pb_text][\/et_pb_column][et_pb_column type=&#8221;1_3&#8243; _builder_version=&#8221;4.16&#8243; _module_preset=&#8221;default&#8221; global_colors_info=&#8221;{}&#8221;][et_pb_text _builder_version=&#8221;4.16&#8243; _module_preset=&#8221;9171a5ab-4b16-49db-a0f8-6428bbd4c5d3&#8243; global_colors_info=&#8221;{}&#8221;]<\/p>\n<p><strong>Konzept und Webdesign<\/strong><\/p>\n<p><\/p>\n<p><strong>Brotbeck Corporate Design AG<\/strong><br \/>Sch\u00f6neggstrasse 14<br \/>2503 Biel\/Bienne<br \/>Telefon 032 345 14 81<br \/><span style=\"color: #123049;\"><a href=\"mailto:welcome@brotbeck.ch\" style=\"color: #123049;\">welcome@brotbeck.ch<\/a><\/span><br \/><span style=\"color: #123049;\"><a href=\"http:\/\/www.brotbeck.ch\" style=\"color: #123049;\" target=\"_blank\" rel=\"noopener\">www.brotbeck.ch<\/a><\/span><\/p>\n<p>[\/et_pb_text][\/et_pb_column][et_pb_column type=&#8221;1_3&#8243; _builder_version=&#8221;4.16&#8243; _module_preset=&#8221;default&#8221; global_colors_info=&#8221;{}&#8221;][et_pb_text _builder_version=&#8221;4.16&#8243; _module_preset=&#8221;9171a5ab-4b16-49db-a0f8-6428bbd4c5d3&#8243; global_colors_info=&#8221;{}&#8221;]<\/p>\n<p><strong>Fotografie<\/strong><\/p>\n<p><\/p>\n<p><strong>Stefan Weber<\/strong><br \/>Hungerberg 9<br \/>2565 Jens<br \/>Telefon 032 333 17 57<br \/><span style=\"color: #123049;\"><a href=\"mailto:info@swebfoto.ch\" style=\"color: #123049;\">info@swebfoto.ch<\/a><\/span><br \/><span style=\"color: #123049;\"><a href=\"http:\/\/www.swebfoto.ch\" target=\"_blank\" rel=\"noopener\" style=\"color: #123049;\">www.swebfoto.ch<\/a><\/span><\/p>\n<p>[\/et_pb_text][\/et_pb_column][\/et_pb_row][\/et_pb_section][et_pb_section fb_built=&#8221;1&#8243; _builder_version=&#8221;4.16&#8243; _module_preset=&#8221;fdba456b-3aab-4823-ac95-30ff89c7be22&#8243; global_colors_info=&#8221;{}&#8221;][\/et_pb_section]<\/p>\n","protected":false},"excerpt":{"rendered":"<p>ImprintCopyright 2025Swiss-Plas s.r.oPivovarsk\u00e1 30CZ &#8211; 75661 Ro\u017enov pod Radho\u0161t\u011bm+420 608 780 028info@swiss-plas.czwww.swissplas.czKonzept und WebdesignBrotbeck Corporate Design AGSch\u00f6neggstrasse 142503 Biel\/BienneTelefon 032 345 14 81welcome@brotbeck.chwww.brotbeck.chFotografieStefan WeberHungerberg 92565 JensTelefon 032 333 17 57info@swebfoto.chwww.swebfoto.ch<\/p>\n","protected":false},"author":1,"featured_media":0,"parent":0,"menu_order":0,"comment_status":"closed","ping_status":"closed","template":"","meta":{"_et_pb_use_builder":"on","_et_pb_old_content":"","_et_gb_content_width":"","footnotes":""},"class_list":["post-2914","page","type-page","status-publish","hentry"],"_links":{"self":[{"href":"https:\/\/swissplas.cz\/en\/wp-json\/wp\/v2\/pages\/2914","targetHints":{"allow":["GET"]}}],"collection":[{"href":"https:\/\/swissplas.cz\/en\/wp-json\/wp\/v2\/pages"}],"about":[{"href":"https:\/\/swissplas.cz\/en\/wp-json\/wp\/v2\/types\/page"}],"author":[{"embeddable":true,"href":"https:\/\/swissplas.cz\/en\/wp-json\/wp\/v2\/users\/1"}],"replies":[{"embeddable":true,"href":"https:\/\/swissplas.cz\/en\/wp-json\/wp\/v2\/comments?post=2914"}],"version-history":[{"count":7,"href":"https:\/\/swissplas.cz\/en\/wp-json\/wp\/v2\/pages\/2914\/revisions"}],"predecessor-version":[{"id":6341,"href":"https:\/\/swissplas.cz\/en\/wp-json\/wp\/v2\/pages\/2914\/revisions\/6341"}],"wp:attachment":[{"href":"https:\/\/swissplas.cz\/en\/wp-json\/wp\/v2\/media?parent=2914"}],"curies":[{"name":"wp","href":"https:\/\/api.w.org\/{rel}","templated":true}]}}

<p>[et_pb_section fb_built=&#8221;1&#8243; _builder_version=&#8221;4.16&#8243; _module_preset=&#8221;fdba456b-3aab-4823-ac95-30ff89c7be22&#8243; global_colors_info=&#8221;{}&#8221;][et_pb_row _builder_version=&#8221;4.16&#8243; _module_preset=&#8221;bfccc00c-ac70-482f-9713-4846d3a5dda8&#8243; global_colors_info=&#8221;{}&#8221;][et_pb_column type=&#8221;4_4&#8243; _builder_version=&#8221;4.16&#8243; _module_preset=&#8221;default&#8221; global_colors_info=&#8221;{}&#8221;][et_pb_text _builder_version=&#8221;4.16&#8243; _module_preset=&#8221;9171a5ab-4b16-49db-a0f8-6428bbd4c5d3&#8243; hover_enabled=&#8221;0&#8243; global_colors_info=&#8221;{}&#8221; sticky_enabled=&#8221;0&#8243;]</p>
<h2>Imprint</h2>
<p>[/et_pb_text][/et_pb_column][/et_pb_row][et_pb_row column_structure=&#8221;1_3,1_3,1_3&#8243; _builder_version=&#8221;4.16&#8243; _module_preset=&#8221;bfccc00c-ac70-482f-9713-4846d3a5dda8&#8243; global_colors_info=&#8221;{}&#8221;][et_pb_column type=&#8221;1_3&#8243; _builder_version=&#8221;4.16&#8243; _module_preset=&#8221;default&#8221; global_colors_info=&#8221;{}&#8221;][et_pb_text _builder_version=&#8221;4.22.2&#8243; _module_preset=&#8221;9171a5ab-4b16-49db-a0f8-6428bbd4c5d3&#8243; hover_enabled=&#8221;0&#8243; global_colors_info=&#8221;{}&#8221; sticky_enabled=&#8221;0&#8243;]</p>
<p><strong>Copyright 2025</strong></p>
<p></p>
<p><strong>Swiss-Plas s.r.o</strong><br />Pivovarská 30<br />CZ &#8211; 75661  Rožnov pod Radhoštěm<br />+420 608 780 028<br /><span style="color: #123049;"><a href="mailto:info@swiss-plas.cz" style="color: #123049;">info@swiss-plas.cz</a></span><br />www.swissplas.cz</p>
<p>[/et_pb_text][/et_pb_column][et_pb_column type=&#8221;1_3&#8243; _builder_version=&#8221;4.16&#8243; _module_preset=&#8221;default&#8221; global_colors_info=&#8221;{}&#8221;][et_pb_text _builder_version=&#8221;4.16&#8243; _module_preset=&#8221;9171a5ab-4b16-49db-a0f8-6428bbd4c5d3&#8243; global_colors_info=&#8221;{}&#8221;]</p>
<p><strong>Konzept und Webdesign</strong></p>
<p></p>
<p><strong>Brotbeck Corporate Design AG</strong><br />Schöneggstrasse 14<br />2503 Biel/Bienne<br />Telefon 032 345 14 81<br /><span style="color: #123049;"><a href="mailto:welcome@brotbeck.ch" style="color: #123049;">welcome@brotbeck.ch</a></span><br /><span style="color: #123049;"><a href="http://www.brotbeck.ch" style="color: #123049;" target="_blank" rel="noopener">www.brotbeck.ch</a></span></p>
<p>[/et_pb_text][/et_pb_column][et_pb_column type=&#8221;1_3&#8243; _builder_version=&#8221;4.16&#8243; _module_preset=&#8221;default&#8221; global_colors_info=&#8221;{}&#8221;][et_pb_text _builder_version=&#8221;4.16&#8243; _module_preset=&#8221;9171a5ab-4b16-49db-a0f8-6428bbd4c5d3&#8243; global_colors_info=&#8221;{}&#8221;]</p>
<p><strong>Fotografie</strong></p>
<p></p>
<p><strong>Stefan Weber</strong><br />Hungerberg 9<br />2565 Jens<br />Telefon 032 333 17 57<br /><span style="color: #123049;"><a href="mailto:info@swebfoto.ch" style="color: #123049;">info@swebfoto.ch</a></span><br /><span style="color: #123049;"><a href="http://www.swebfoto.ch" target="_blank" rel="noopener" style="color: #123049;">www.swebfoto.ch</a></span></p>
<p>[/et_pb_text][/et_pb_column][/et_pb_row][/et_pb_section][et_pb_section fb_built=&#8221;1&#8243; _builder_version=&#8221;4.16&#8243; _module_preset=&#8221;fdba456b-3aab-4823-ac95-30ff89c7be22&#8243; global_colors_info=&#8221;{}&#8221;][/et_pb_section]</p>

<p>ImprintCopyright 2025Swiss-Plas s.r.oPivovarská 30CZ &#8211; 75661 Rožnov pod Radhoštěm+420 608 780 028info@swiss-plas.czwww.swissplas.czKonzept und WebdesignBrotbeck Corporate Design AGSchöneggstrasse 142503 Biel/BienneTelefon 032 345 14 81welcome@brotbeck.chwww.brotbeck.chFotografieStefan WeberHungerberg 92565 JensTelefon 032 333 17 57info@swebfoto.chwww.swebfoto.ch</p>
