{"id":29,"date":"2021-12-15T08:07:17","date_gmt":"2021-12-15T08:07:17","guid":{"rendered":"https:\/\/swissplas.cz\/?page_id=29"},"modified":"2025-04-10T11:37:07","modified_gmt":"2025-04-10T09:37:07","slug":"news","status":"publish","type":"page","link":"https:\/\/swissplas.cz\/de\/news\/","title":{"rendered":"News"},"content":{"rendered":"<p>[et_pb_section fb_built=&#8220;1&#8243; _builder_version=&#8220;4.16&#8243; _module_preset=&#8220;fdba456b-3aab-4823-ac95-30ff89c7be22&#8243; custom_padding=&#8220;||||false|false&#8220; global_colors_info=&#8220;{}&#8220;][et_pb_row _builder_version=&#8220;4.16&#8243; _module_preset=&#8220;bfccc00c-ac70-482f-9713-4846d3a5dda8&#8243; global_colors_info=&#8220;{}&#8220;][et_pb_column type=&#8220;4_4&#8243; _builder_version=&#8220;4.16&#8243; _module_preset=&#8220;default&#8220; global_colors_info=&#8220;{}&#8220;][et_pb_text _builder_version=&#8220;4.22.2&#8243; _module_preset=&#8220;9171a5ab-4b16-49db-a0f8-6428bbd4c5d3&#8243; custom_margin=&#8220;||-5px||false|false&#8220; custom_margin_tablet=&#8220;||-8px||false|false&#8220; custom_margin_phone=&#8220;||-8px||false|false&#8220; custom_margin_last_edited=&#8220;on|desktop&#8220; inline_fonts=&#8220;Biennale Regular,Biennale Light&#8220; global_colors_info=&#8220;{}&#8220;]<\/p>\n<h2>News<\/h2>\n<p>[\/et_pb_text][\/et_pb_column][\/et_pb_row][et_pb_row custom_padding_last_edited=&#8220;on|desktop&#8220; _builder_version=&#8220;4.17.3&#8243; _module_preset=&#8220;bfccc00c-ac70-482f-9713-4846d3a5dda8&#8243; custom_padding=&#8220;|10vw|||false|false&#8220; custom_padding_tablet=&#8220;15px|0px|15px||false|false&#8220; custom_padding_phone=&#8220;10px|0px|10px||false|false&#8220; collapsed=&#8220;off&#8220; global_colors_info=&#8220;{}&#8220;][et_pb_column type=&#8220;4_4&#8243; _builder_version=&#8220;4.16&#8243; _module_preset=&#8220;default&#8220; global_colors_info=&#8220;{}&#8220;][et_pb_text _builder_version=&#8220;4.22.2&#8243; _module_preset=&#8220;9171a5ab-4b16-49db-a0f8-6428bbd4c5d3&#8243; text_text_color=&#8220;rgba(18,48,73,0.67)&#8220; custom_margin=&#8220;||6px||false|false&#8220; custom_margin_tablet=&#8220;||4px||false|false&#8220; custom_margin_phone=&#8220;||4px||false|false&#8220; custom_margin_last_edited=&#8220;on|desktop&#8220; custom_padding=&#8220;||0px|||&#8220; custom_padding_tablet=&#8220;&#8220; custom_padding_phone=&#8220;&#8220; custom_padding_last_edited=&#8220;on|desktop&#8220; global_colors_info=&#8220;{}&#8220;]<\/p>\n<p>07.04.2025<\/p>\n<p>[\/et_pb_text][et_pb_text _builder_version=&#8220;4.22.2&#8243; _module_preset=&#8220;9171a5ab-4b16-49db-a0f8-6428bbd4c5d3&#8243; custom_margin=&#8220;||16px||false|false&#8220; custom_margin_tablet=&#8220;||12px||false|false&#8220; custom_margin_phone=&#8220;||10px||false|false&#8220; custom_margin_last_edited=&#8220;on|desktop&#8220; custom_padding_tablet=&#8220;&#8220; custom_padding_phone=&#8220;&#8220; custom_padding_last_edited=&#8220;on|desktop&#8220; hover_enabled=&#8220;0&#8243; global_colors_info=&#8220;{}&#8220; sticky_enabled=&#8220;0&#8243;]<\/p>\n<h3>Neue PVD Schichten bei Swiss-Plas<\/h3>\n<p>[\/et_pb_text][et_pb_text _builder_version=&#8220;4.22.2&#8243; _module_preset=&#8220;9171a5ab-4b16-49db-a0f8-6428bbd4c5d3&#8243; hover_enabled=&#8220;0&#8243; global_colors_info=&#8220;{}&#8220; sticky_enabled=&#8220;0&#8243;]<b>SiTiN800 f\u00fcr h\u00f6chste Materialanspr\u00fcche<\/b><br \/>\nWeitere Informationen \u00fcber unsere Beschichtung finden Sie unter unserem Link :  <a href=\"https:\/\/swissplas.cz\/werkzeug\/sitin800\/\">SiTiN800<\/a><\/p>\n<p>[\/et_pb_text][\/et_pb_column][\/et_pb_row][et_pb_row custom_padding_last_edited=&#8220;on|desktop&#8220; _builder_version=&#8220;4.17.3&#8243; _module_preset=&#8220;bfccc00c-ac70-482f-9713-4846d3a5dda8&#8243; custom_padding=&#8220;|10vw|||false|false&#8220; custom_padding_tablet=&#8220;15px|0px|15px||false|false&#8220; custom_padding_phone=&#8220;10px|0px|10px||false|false&#8220; global_colors_info=&#8220;{}&#8220;][et_pb_column type=&#8220;4_4&#8243; _builder_version=&#8220;4.16&#8243; _module_preset=&#8220;default&#8220; global_colors_info=&#8220;{}&#8220;][et_pb_text _builder_version=&#8220;4.22.2&#8243; _module_preset=&#8220;9171a5ab-4b16-49db-a0f8-6428bbd4c5d3&#8243; text_text_color=&#8220;rgba(18,48,73,0.67)&#8220; custom_margin=&#8220;||6px||false|false&#8220; custom_margin_tablet=&#8220;||4px||false|false&#8220; custom_margin_phone=&#8220;||4px||false|false&#8220; custom_margin_last_edited=&#8220;on|desktop&#8220; custom_padding=&#8220;||0px|||&#8220; custom_padding_tablet=&#8220;&#8220; custom_padding_phone=&#8220;&#8220; custom_padding_last_edited=&#8220;on|desktop&#8220; global_colors_info=&#8220;{}&#8220;]<\/p>\n<p>01.04.2025<\/p>\n<p>[\/et_pb_text][et_pb_text _builder_version=&#8220;4.22.2&#8243; _module_preset=&#8220;9171a5ab-4b16-49db-a0f8-6428bbd4c5d3&#8243; custom_margin=&#8220;||16px||false|false&#8220; custom_margin_tablet=&#8220;||12px||false|false&#8220; custom_margin_phone=&#8220;||10px||false|false&#8220; custom_margin_last_edited=&#8220;on|desktop&#8220; custom_padding_tablet=&#8220;&#8220; custom_padding_phone=&#8220;&#8220; custom_padding_last_edited=&#8220;on|desktop&#8220; hover_enabled=&#8220;0&#8243; global_colors_info=&#8220;{}&#8220; sticky_enabled=&#8220;0&#8243;]<\/p>\n<h3>Wir\u00a0freuen uns auf Ihren\u00a0Besuch\u00a0auf\u00a0unserer\u00a0neuen\u00a0Webseite<\/h3>\n<p>[\/et_pb_text][et_pb_text _builder_version=&#8220;4.22.2&#8243; _module_preset=&#8220;9171a5ab-4b16-49db-a0f8-6428bbd4c5d3&#8243; global_colors_info=&#8220;{}&#8220;]<\/p>\n<p>Wir freuen uns sehr, Ihnen ab sofort unsere neue Webseite in einem frischen Design pr\u00e4sentieren zu k\u00f6nnen.<\/p>\n<p>Falls Sie Fragen, Vorschl\u00e4ge, Feedback oder Kommentare haben z\u00f6gern Sie nicht uns zu kontaktieren.<\/p>\n<p>Mit freundlichen Gr\u00fcssen<\/p>\n<p>Swiss-Plas s.r.o<\/p>\n<p>[\/et_pb_text][\/et_pb_column][\/et_pb_row][\/et_pb_section][et_pb_section fb_built=&#8220;1&#8243; _builder_version=&#8220;4.16&#8243; _module_preset=&#8220;fdba456b-3aab-4823-ac95-30ff89c7be22&#8243; global_colors_info=&#8220;{}&#8220;][\/et_pb_section]<\/p>\n","protected":false},"excerpt":{"rendered":"<p>News07.04.2025Neue PVD Schichten bei Swiss-PlasSiTiN800 f\u00fcr h\u00f6chste Materialanspr\u00fcche Weitere Informationen \u00fcber unsere Beschichtung finden Sie unter unserem Link : SiTiN800 01.04.2025Wir\u00a0freuen uns auf Ihren\u00a0Besuch\u00a0auf\u00a0unserer\u00a0neuen\u00a0WebseiteWir freuen uns sehr, Ihnen ab sofort unsere neue Webseite in einem frischen Design pr\u00e4sentieren zu k\u00f6nnen. Falls Sie Fragen, Vorschl\u00e4ge, Feedback oder Kommentare haben z\u00f6gern Sie nicht uns zu kontaktieren. Mit [&hellip;]<\/p>\n","protected":false},"author":1,"featured_media":0,"parent":0,"menu_order":0,"comment_status":"closed","ping_status":"closed","template":"","meta":{"_et_pb_use_builder":"on","_et_pb_old_content":"","_et_gb_content_width":"","footnotes":""},"class_list":["post-29","page","type-page","status-publish","hentry"],"_links":{"self":[{"href":"https:\/\/swissplas.cz\/de\/wp-json\/wp\/v2\/pages\/29","targetHints":{"allow":["GET"]}}],"collection":[{"href":"https:\/\/swissplas.cz\/de\/wp-json\/wp\/v2\/pages"}],"about":[{"href":"https:\/\/swissplas.cz\/de\/wp-json\/wp\/v2\/types\/page"}],"author":[{"embeddable":true,"href":"https:\/\/swissplas.cz\/de\/wp-json\/wp\/v2\/users\/1"}],"replies":[{"embeddable":true,"href":"https:\/\/swissplas.cz\/de\/wp-json\/wp\/v2\/comments?post=29"}],"version-history":[{"count":37,"href":"https:\/\/swissplas.cz\/de\/wp-json\/wp\/v2\/pages\/29\/revisions"}],"predecessor-version":[{"id":6032,"href":"https:\/\/swissplas.cz\/de\/wp-json\/wp\/v2\/pages\/29\/revisions\/6032"}],"wp:attachment":[{"href":"https:\/\/swissplas.cz\/de\/wp-json\/wp\/v2\/media?parent=29"}],"curies":[{"name":"wp","href":"https:\/\/api.w.org\/{rel}","templated":true}]}}

<p>[et_pb_section fb_built=&#8220;1&#8243; _builder_version=&#8220;4.16&#8243; _module_preset=&#8220;fdba456b-3aab-4823-ac95-30ff89c7be22&#8243; custom_padding=&#8220;||||false|false&#8220; global_colors_info=&#8220;{}&#8220;][et_pb_row _builder_version=&#8220;4.16&#8243; _module_preset=&#8220;bfccc00c-ac70-482f-9713-4846d3a5dda8&#8243; global_colors_info=&#8220;{}&#8220;][et_pb_column type=&#8220;4_4&#8243; _builder_version=&#8220;4.16&#8243; _module_preset=&#8220;default&#8220; global_colors_info=&#8220;{}&#8220;][et_pb_text _builder_version=&#8220;4.22.2&#8243; _module_preset=&#8220;9171a5ab-4b16-49db-a0f8-6428bbd4c5d3&#8243; custom_margin=&#8220;||-5px||false|false&#8220; custom_margin_tablet=&#8220;||-8px||false|false&#8220; custom_margin_phone=&#8220;||-8px||false|false&#8220; custom_margin_last_edited=&#8220;on|desktop&#8220; inline_fonts=&#8220;Biennale Regular,Biennale Light&#8220; global_colors_info=&#8220;{}&#8220;]</p>
<h2>News</h2>
<p>[/et_pb_text][/et_pb_column][/et_pb_row][et_pb_row custom_padding_last_edited=&#8220;on|desktop&#8220; _builder_version=&#8220;4.17.3&#8243; _module_preset=&#8220;bfccc00c-ac70-482f-9713-4846d3a5dda8&#8243; custom_padding=&#8220;|10vw|||false|false&#8220; custom_padding_tablet=&#8220;15px|0px|15px||false|false&#8220; custom_padding_phone=&#8220;10px|0px|10px||false|false&#8220; collapsed=&#8220;off&#8220; global_colors_info=&#8220;{}&#8220;][et_pb_column type=&#8220;4_4&#8243; _builder_version=&#8220;4.16&#8243; _module_preset=&#8220;default&#8220; global_colors_info=&#8220;{}&#8220;][et_pb_text _builder_version=&#8220;4.22.2&#8243; _module_preset=&#8220;9171a5ab-4b16-49db-a0f8-6428bbd4c5d3&#8243; text_text_color=&#8220;rgba(18,48,73,0.67)&#8220; custom_margin=&#8220;||6px||false|false&#8220; custom_margin_tablet=&#8220;||4px||false|false&#8220; custom_margin_phone=&#8220;||4px||false|false&#8220; custom_margin_last_edited=&#8220;on|desktop&#8220; custom_padding=&#8220;||0px|||&#8220; custom_padding_tablet=&#8220;&#8220; custom_padding_phone=&#8220;&#8220; custom_padding_last_edited=&#8220;on|desktop&#8220; global_colors_info=&#8220;{}&#8220;]</p>
<p>07.04.2025</p>
<p>[/et_pb_text][et_pb_text _builder_version=&#8220;4.22.2&#8243; _module_preset=&#8220;9171a5ab-4b16-49db-a0f8-6428bbd4c5d3&#8243; custom_margin=&#8220;||16px||false|false&#8220; custom_margin_tablet=&#8220;||12px||false|false&#8220; custom_margin_phone=&#8220;||10px||false|false&#8220; custom_margin_last_edited=&#8220;on|desktop&#8220; custom_padding_tablet=&#8220;&#8220; custom_padding_phone=&#8220;&#8220; custom_padding_last_edited=&#8220;on|desktop&#8220; hover_enabled=&#8220;0&#8243; global_colors_info=&#8220;{}&#8220; sticky_enabled=&#8220;0&#8243;]</p>
<h3>Neue PVD Schichten bei Swiss-Plas</h3>
<p>[/et_pb_text][et_pb_text _builder_version=&#8220;4.22.2&#8243; _module_preset=&#8220;9171a5ab-4b16-49db-a0f8-6428bbd4c5d3&#8243; hover_enabled=&#8220;0&#8243; global_colors_info=&#8220;{}&#8220; sticky_enabled=&#8220;0&#8243;]<b>SiTiN800 für höchste Materialansprüche</b><br />
Weitere Informationen über unsere Beschichtung finden Sie unter unserem Link :  <a href="https://swissplas.cz/werkzeug/sitin800/">SiTiN800</a></p>
<p>[/et_pb_text][/et_pb_column][/et_pb_row][et_pb_row custom_padding_last_edited=&#8220;on|desktop&#8220; _builder_version=&#8220;4.17.3&#8243; _module_preset=&#8220;bfccc00c-ac70-482f-9713-4846d3a5dda8&#8243; custom_padding=&#8220;|10vw|||false|false&#8220; custom_padding_tablet=&#8220;15px|0px|15px||false|false&#8220; custom_padding_phone=&#8220;10px|0px|10px||false|false&#8220; global_colors_info=&#8220;{}&#8220;][et_pb_column type=&#8220;4_4&#8243; _builder_version=&#8220;4.16&#8243; _module_preset=&#8220;default&#8220; global_colors_info=&#8220;{}&#8220;][et_pb_text _builder_version=&#8220;4.22.2&#8243; _module_preset=&#8220;9171a5ab-4b16-49db-a0f8-6428bbd4c5d3&#8243; text_text_color=&#8220;rgba(18,48,73,0.67)&#8220; custom_margin=&#8220;||6px||false|false&#8220; custom_margin_tablet=&#8220;||4px||false|false&#8220; custom_margin_phone=&#8220;||4px||false|false&#8220; custom_margin_last_edited=&#8220;on|desktop&#8220; custom_padding=&#8220;||0px|||&#8220; custom_padding_tablet=&#8220;&#8220; custom_padding_phone=&#8220;&#8220; custom_padding_last_edited=&#8220;on|desktop&#8220; global_colors_info=&#8220;{}&#8220;]</p>
<p>01.04.2025</p>
<p>[/et_pb_text][et_pb_text _builder_version=&#8220;4.22.2&#8243; _module_preset=&#8220;9171a5ab-4b16-49db-a0f8-6428bbd4c5d3&#8243; custom_margin=&#8220;||16px||false|false&#8220; custom_margin_tablet=&#8220;||12px||false|false&#8220; custom_margin_phone=&#8220;||10px||false|false&#8220; custom_margin_last_edited=&#8220;on|desktop&#8220; custom_padding_tablet=&#8220;&#8220; custom_padding_phone=&#8220;&#8220; custom_padding_last_edited=&#8220;on|desktop&#8220; hover_enabled=&#8220;0&#8243; global_colors_info=&#8220;{}&#8220; sticky_enabled=&#8220;0&#8243;]</p>
<h3>Wir freuen uns auf Ihren Besuch auf unserer neuen Webseite</h3>
<p>[/et_pb_text][et_pb_text _builder_version=&#8220;4.22.2&#8243; _module_preset=&#8220;9171a5ab-4b16-49db-a0f8-6428bbd4c5d3&#8243; global_colors_info=&#8220;{}&#8220;]</p>
<p>Wir freuen uns sehr, Ihnen ab sofort unsere neue Webseite in einem frischen Design präsentieren zu können.</p>
<p>Falls Sie Fragen, Vorschläge, Feedback oder Kommentare haben zögern Sie nicht uns zu kontaktieren.</p>
<p>Mit freundlichen Grüssen</p>
<p>Swiss-Plas s.r.o</p>
<p>[/et_pb_text][/et_pb_column][/et_pb_row][/et_pb_section][et_pb_section fb_built=&#8220;1&#8243; _builder_version=&#8220;4.16&#8243; _module_preset=&#8220;fdba456b-3aab-4823-ac95-30ff89c7be22&#8243; global_colors_info=&#8220;{}&#8220;][/et_pb_section]</p>

<p>News07.04.2025Neue PVD Schichten bei Swiss-PlasSiTiN800 für höchste Materialansprüche Weitere Informationen über unsere Beschichtung finden Sie unter unserem Link : SiTiN800 01.04.2025Wir freuen uns auf Ihren Besuch auf unserer neuen WebseiteWir freuen uns sehr, Ihnen ab sofort unsere neue Webseite in einem frischen Design präsentieren zu können. Falls Sie Fragen, Vorschläge, Feedback oder Kommentare haben zögern Sie nicht uns zu kontaktieren. Mit [&hellip;]</p>
